et l(p) = -16*p - 187. Determine l(14).
-411
Let x(b) = -b**2 - 45*b + 204. Give x(-50).
-46
Let u(l) = -76*l - 72. Calculate u(-1).
4
Let k(w) = 138*w + 917. Calculate k(-10).
-463
Let o(z) = 5*z**2 + 74*z + 14. Determine o(-16).
110
Let y(u) = 47*u + 427. What is y(-1)?
380
Let q(n) = -2*n - 2. Give q(4).
-10
Let i(p) = -11476*p - 91815. Give i(-8).
-7
Let f(x) = 6*x**3 + 34*x**2 + 42*x + 114. Calculate f(-5).
4
Let j(t) = -11*t**2 + 508*t - 33. What is j(46)?
59
Let h(l) = l**3 + 55*l**2 + 386*l + 476. Give h(-47).
6
Let c(q) = 16*q + 147. Determine c(-7).
35
Let j(p) = -130*p + 6897. Determine j(53).
7
Let x(v) = -2325*v + 20927. Give x(9).
2
Let g(c) = 6*c**2 + 20*c - 19. What is g(-5)?
31
Let g(k) = -k**2 + 125*k - 3727. What is g(88)?
-471
Let g(n) = 2*n**2 - 29*n + 66. Calculate g(12).
6
Let v(z) = z**3 + 21*z**2 + 37*z - 25. Determine v(-19).
-6
Let q(s) = 2*s**3 + 38*s**2 + 2*s + 21. Calculate q(-19).
-17
Let x(f) = -110*f**3 - f**2 - 43*f - 41. What is x(-1)?
111
Let a(r) = 10*r + 406. Calculate a(-22).
186
Let d(w) = 111*w**2 + 5*w + 4. Give d(-1).
110
Let q(x) = -18*x - 87. Give q(-6).
21
Let o(f) = 105*f**3 - 3*f**2 - 3*f - 2. What is o(-1)?
-107
Let a(k) = -29*k - 36. What is a(-7)?
167
Let x(y) = -y**2 - 28*y + 102. Calculate x(3).
9
Let k(h) = 29*h**3 - h**2 - 1. Give k(1).
27
Let t(v) = v**2 - 20*v - 107. Determine t(26).
49
Let v(i) = -2*i**2 - 25*i - 13. What is v(-10)?
37
Let d(n) = n**2 - 18*n + 93. Determine d(7).
16
Let s(c) = 32*c - 1875. Give s(60).
45
Let l(f) = -9*f**3 - 207*f**2 + 4*f + 78. Calculate l(-23).
-14
Let i(q) = -2*q**2 - 89*q - 575. Determine i(-37).
-20
Let x(y) = -39*y - 388. Determine x(-10).
2
Let f(b) = -113*b + 329. Determine f(3).
-10
Let b(a) = -2*a**2 + 1361*a + 9600. Determine b(-7).
-25
Let n(o) = 498*o + 39343. What is n(-79)?
1
Let n(l) = -376*l - 1895. What is n(-5)?
-15
Let n(v) = 36*v**2 + 251*v - 6. What is n(-7)?
1
Let g(n) = 2127*n + 12676. Calculate g(-6).
-86
Let o(u) = -3*u**3 - 3*u**2 - 12*u + 26. Determine o(3).
-118
Let x(q) = -2*q**3 + 11*q**2 + 171*q - 1311. What is x(8)?
-263
Let k(v) = v**3 + 14*v**2 - 11*v + 60. What is k(-15)?
0
Let f(u) = 2*u**2 + 172*u + 1989. Determine f(-14).
-27
Let x(t) = -2*t**3 - 24*t**2 - 30*t - 100. Give x(-11).
-12
Let v(x) = -3*x**2 + 90*x + 402. Determine v(34).
-6
Let a(p) = 19*p**2 - 4214*p - 888. What is a(222)?
0
Let p(w) = 1403*w - 4251. Give p(3).
-42
Let i(d) = -850*d - 3344. Determine i(-4).
56
Let m(n) = 881*n - 6055. Calculate m(7).
112
Let o(m) = -239*m - 1792. Calculate o(-6).
-358
Let u(v) = -167*v + 467. What is u(4)?
-201
Let o(z) = z**2 - 35*z + 295. What is o(12)?
19
Let y(a) = -4*a**2 - 23*a - 9. Determine y(-8).
-81
Let f(c) = c**3 - 26*c**2 - 27*c + 78. Give f(27).
78
Let x(k) = 54*k - 4742. Calculate x(88).
10
Let u(f) = -8*f**2 - 20*f - 18. Calculate u(-7).
-270
Let q(d) = d**2 - 3*d - 81. Determine q(-7).
-11
Let n(i) = -3*i**3 + 5*i**2 - 393*i + 788. Calculate n(2).
-2
Let n(s) = 2*s**2 - 33*s + 130. What is n(4)?
30
Let m(k) = -k**3 + 5*k**2 - 545*k + 1624. Calculate m(3).
7
Let d(p) = 84*p - 430. Determine d(5).
-10
Let p(b) = b**3 + 11*b**2 - 63*b + 57. Calculate p(0).
57
Let y(q) = -28*q + 140. What is y(5)?
0
Let t(c) = -7*c**3 + 308*c**2 - 6*c + 260. Give t(44).
-4
Let z(v) = 4*v**3 + 4*v**2 - 24*v - 27. Give z(-1).
-3
Let v(a) = -3*a**3 - 10*a**2 + 7*a + 2. Determine v(1).
-4
Let j(f) = -8*f**3 - 44*f**2 - 40*f + 31. Calculate j(-4).
-1
Let s(h) = h**2 + 196*h + 4574. Determine s(-27).
11
Let p(o) = -o**2 + 67*o - 1019. Determine p(23).
-7
Let k(p) = 2*p**3 - 14*p**2 + 16*p - 26. What is k(10)?
734
Let n(l) = 2586*l - 5180. Determine n(2).
-8
Let q(f) = -f**3 + 7*f + 1. Determine q(-3).
7
Let k(r) = 125*r - 6. Give k(1).
119
Let x(u) = 2*u**3 - 3*u**2 - 15*u + 26. Give x(4).
46
Let l(d) = -d**2 + 38*d - 354. Determine l(23).
-9
Let v(p) = 11*p**2 - 63*p + 19. What is v(5)?
-21
Let z(b) = -2*b**2 + 154*b - 458. Calculate z(3).
-14
Let y(s) = -2*s**3 + 12*s**2 - 26*s + 105. Give y(5).
25
Let c(i) = -9*i**2 - 54*i - 71. Give c(-4).
1
Let b(m) = -2*m**3 - 302*m**2 - 311*m - 1654. What is b(-150)?
-4
Let m(p) = 2219*p + 11098. What is m(-5)?
3
Let v(k) = k**2 + 21*k + 49. Determine v(-17).
-19
Let r(s) = 58*s - 56. Calculate r(2).
60
Let l(k) = 24*k**2 - 9*k + 23. Calculate l(2).
101
Let z(d) = -3*d**3 - 10*d**2 + 8*d + 15. Give z(-5).
100
Let s(b) = 57*b - 1244. Calculate s(23).
67
Let c(x) = -x**3 + 4*x**2 + 4*x - 8. Determine c(-2).
8
Let h(q) = -18*q**3 + 4*q**2 - 10*q + 1. Determine h(2).
-147
Let t(r) = -2829*r + 48086. Calculate t(17).
-7
Let s(j) = 14*j + 2. Determine s(-7).
-96
Let c(s) = 2*s**3 + 30*s**2 + 20*s - 116. What is c(-14)?
-4
Let q(j) = j**3 + 10*j**2 - 112*j + 102. What is q(-17)?
-17
Let c(p) = p**2 - 42*p + 385. What is c(13)?
8
Let m(d) = -2*d**3 + 3*d**2 + d - 7. Give m(-3).
71
Let w(c) = -2*c**2 - 11*c - 24. Give w(0).
-24
Let l(o) = -3*o**3 + 33*o**2 - 16*o + 169. What is l(11)?
-7
Let p(s) = 8043*s + 64338. Determine p(-8).
-6
Let u(w) = -w**2 - 83*w + 1092. Determine u(12).
-48
Let o(u) = u**2 + 26*u + 48. Calculate o(-9).
-105
Let d(j) = 2*j**2 - 36*j - 490. What is d(34)?
598
Let v(n) = 63*n - 384. What is v(6)?
-6
Let n(s) = s**2 - 12*s - 47. Give n(-6).
61
Let x(q) = q**3 - 46*q**2 - 100*q + 200. Calculate x(48).
8
Let r(s) = -169*s - 1547. Give r(-9).
-26
Let l(u) = u**2 + 514*u + 10374. What is l(-21)?
21
Let z(u) = -378*u + 402. What is z(1)?
24
Let u(n) = n**3 - 74*n**2 + 72*n - 39. Give u(73).
-112
Let l(m) = 12*m - 30. What is l(3)?
6
Let n(v) = v**3 + 20*v**2 + 3*v - 563. Determine n(-18).
31
Let d(p) = 13*p**2 + 285*p - 10. What is d(-22)?
12
Let g(o) = o**3 - 33*o**2 - 72*o + 54. Determine g(35).
-16
Let q(j) = 288*j - 391. Calculate q(4).
761
Let b(g) = g**3 + 31*g**2 - 104*g - 121. Determine b(-34).
-53
Let z(p) = -p**2 + 225*p - 439. What is z(2)?
7
Let h(y) = 6*y**2 + 91*y - 517. Determine h(5).
88
Let y(n) = 2*n**3 - 66*n**2 + 186*n + 1. Calculate y(3).
19
Let u(s) = -s**3 + 2*s**2 + 8*s + 8. What is u(-2)?
8
Let f(c) = -216*c + 138. Determine f(1).
-78
Let i(f) = 353*f - 384. What is i(0)?
-384
Let i(t) = -t**2 - 3*t - 205. What is i(0)?
-205
Let q(o) = -o**2 + 1942*o - 5811. Give q(3).
6
Let o(k) = -3*k**2 - 9*k + 34. Calculate o(-8).
-86
Let k(y) = 121*y - 341. Give k(3).
22
Let v(f) = 6*f + 150. Calculate v(-14).
66
Let t(p) = p**2 - 62*p + 186. Calculate t(58).
-46
Let w(x) = -105*x - 279. Calculate w(-7).
456
Let j(k) = -174*k**3 + k**2 + 21*k - 22. Determine j(1).
-174
Let s(k) = -7*k**3 - 26*k**2 + k + 1. Calculate s(3).
-419
Let y(i) = 49*i**2 + 7*i + 1. Calculate y(-2).
183
Let t(k) = 3*k**2 + 152*k + 1915. Determine t(-23).
6
Let c(m) = 133*m**2 + 271*m + 13. Give c(-2).
3
Let c(x) = 15*x**2 + 61*x + 29. What is c(-4)?
25
Let a(s) = s**3 + 5*s**2 + 4*s - 6. Determine a(-3).
0
Let t(w) = w**3 - 6*w**2 + 12*w - 26. Determine t(4).
-10
Let w(g) = -g**3 + 79*g**2 + 43. Give w(79).
43
Let o(y) = 50*y + 449. Give o(-10).
-51
Let d(q) = 365*q + 125. Determine d(0).
125
Let a(n) = -n**3 - 62*n**2 - 186*n + 62. Give a(-59).
593
Let a(x) = 57*x - 491. Give a(3).
-320
Let l(p) = -p**3 - 14*p**2 + 4*p - 182. Calculate l(-15).
-17
Let k(x) = -6*x**2 - 18*x + 72. Calculate k(-9).
-252
Let z(m) = 13*m + 1017. Determine z(-80).
-23
Let z(u) = -197*u + 1037. Give z(5).
52
Let t(f) = -23*f - 135. Calculate t(-6).
3
Let c(p) = 13*p**2 - 15*p - 25. Calculate c(9).
893
Let q(x) = 2595*x - 31131. Give q(12).
9
Let u(i) = 138*i**2 + 91*i - 2. Give u(0).
-2
Let z(n) = -25*n**3 + 5*n**2 + 2*n - 4. Give z(2).
-180
Let l(y) = -5*y**3 + 21*y**2 + 67*y - 116. Give l(6).
-38
Let h(w) = -213*w + 102. Give h(1).
-111
Let k(f) = 117*f - 671. Give k(5).
-86
Let j(p) = 463*p + 705. Give j(-3).
-684
Let w(y) = 143*y - 8473. Determine w(59).
-36
Let q(x) = 85*x + 10. Give q(0).
10
Let w(t) = -4*t**3 + 68*t**2 - 4*t - 4. Determine w(17).
-72
Let b(v) = -123*v**2 + 2830*v - 36. Give b(23).
-13
Let m(d) = -d**2 + 42*d + 402. Give m(50).
2
Let c(y) = 201*y - 1776. Give c(10).
234
Let c(w) = 539*w + 108345. What is c(-201)?
6
Let q(x) = -182*x + 195. Give q(1).
13
Let z(x) = 21*x + 19. Calculate z(-2).
-23
Let i(h) = 99*h - 8210. Determine i(83).
7
Let r(a) = a**3 - 3*a**2 + 97*a + 354. What is r